{"id":638,"date":"2023-07-16T18:46:54","date_gmt":"2023-07-16T21:46:54","guid":{"rendered":"https:\/\/www.antropocanibal.com.br\/?page_id=638"},"modified":"2025-08-19T22:53:24","modified_gmt":"2025-08-20T01:53:24","slug":"pesquisas-concluidas","status":"publish","type":"page","link":"https:\/\/www.antropocanibal.com.br\/?page_id=638","title":{"rendered":"Pesquisas conclu\u00eddas"},"content":{"rendered":"\n<h4 class=\"wp-block-heading\"><strong>(em ordem cronol\u00f3gica decrescente dentro de cada categoria)<\/strong><\/h4>\n\n\n\n<h2 class=\"wp-block-heading has-large-font-size\"><strong>Doutorados<\/strong> <\/h2>\n\n\n\n<p><a aria-label=\"Lourival Aguiar Cust\u00f3dio (abre numa nova aba)\" href=\"http:\/\/lattes.cnpq.br\/9746421480249778\" target=\"_blank\" rel=\"noreferrer noopener\"><strong>Lourival Aguiar Cust\u00f3dio<\/strong><\/a><br>Programa de P\u00f3s-Gradua\u00e7\u00e3o em Antropologia Social &#8211; USP <br><strong>Tese: <\/strong>Habaneros negros: Rela\u00e7\u00f5es raciais, estigmatiza\u00e7\u00e3o e afro-cuban\u00eda em um bairro de Havana<br><strong>Per\u00edodo:<\/strong> 2018-2024<br><strong>Orientador: <\/strong>Jo\u00e3o Felipe Gon\u00e7alves <br><strong>Bolsas CAPES e LASA<\/strong><br><strong>Men\u00e7\u00e3o honrosa no Pr\u00eamio USP Destaque 2025 na grande \u00e1rea de Inclus\u00e3o Social e Cultural e Redu\u00e7\u00e3o de Desigualdades <\/strong><\/p>\n\n\n\n<p><a aria-label=\"Marcos Vinicius Malheiros Moraes (abre numa nova aba)\" href=\"http:\/\/lattes.cnpq.br\/0357821192457138\" target=\"_blank\" rel=\"noreferrer noopener\"><strong>Marcos Vinicius Malheiros Moraes<\/strong><\/a> <br>Programa de P\u00f3s-Gradua\u00e7\u00e3o em Antropologia Social &#8211; USP <br><strong>Tese: <\/strong>Inf\u00e2ncia, cultura e nacionalidade no M\u00e9xico e no Brasil: Um estudo de dois peri\u00f3dicos dos anos 1920 e 1930 <br><strong>Per\u00edodo: <\/strong>2017-2024<br><strong>Orientador: <\/strong>Jo\u00e3o Felipe Gon\u00e7alves <br><strong>Interc\u00e2mbio: <\/strong><a href=\"https:\/\/ceh.colmex.mx\/\" target=\"_blank\" rel=\"noreferrer noopener\">Centro de Estudios Hist\u00f3ricos, Colegio de M\u00e9xico<\/a>, Cidade do M\u00e9xico<\/p>\n\n\n\n<p><a href=\"http:\/\/lattes.cnpq.br\/6015849289289720\" target=\"_blank\" rel=\"noreferrer noopener\"><strong>Lucas Mestrinelli<\/strong><\/a> <br>Programa de P\u00f3s-Gradua\u00e7\u00e3o em Antropologia Social &#8211; USP <br><strong>Tese: <\/strong>Cronotopos goeses: Uma an\u00e1lise semi\u00f3tica <br><strong>Per\u00edodo: <\/strong>2017-2023<br><strong>Orientador: <\/strong>Jo\u00e3o Felipe Gon\u00e7alves <br><strong>Bolsa FAPESP<\/strong><\/p>\n\n\n\n<h2 class=\"wp-block-heading has-large-font-size\"><strong>Mestrados<\/strong> <\/h2>\n\n\n\n<p><strong><a href=\"http:\/\/lattes.cnpq.br\/4790430390991611\" target=\"_blank\" rel=\"noreferrer noopener\">Luis Guilherme N\u00f3brega Amorim<\/a><\/strong><br>Programa de P\u00f3s-Gradua\u00e7\u00e3o em Antropologia Social &#8211; USP<br><strong>Disserta\u00e7\u00e3o:<\/strong> Os caminhos luminosos: Nacionalismo e campesinato em Mao Zedong e Jos\u00e9 Carlos Mari\u00e1tegui <br><strong>Per\u00edodo: <\/strong>2022-2025<br><strong>Orientador: <\/strong>Jo\u00e3o Felipe Gon\u00e7alves<br><strong>Interc\u00e2mbio: <\/strong><a href=\"http:\/\/sociology.zju.edu.cn\/index.php\/Index\/eindex.html\">Department of Sociology, Zhejiang University<\/a>, China, <br>com Bolsa de Est\u00e1gio de Pesquisa no Exterior (BEPE), FAPESP<br><strong>Bolsa FAPESP<\/strong> <\/p>\n\n\n\n<p><a aria-label=\"Isabella Barros (abre numa nova aba)\" href=\"http:\/\/buscatextual.cnpq.br\/buscatextual\/visualizacv.do?id=K8559400J3\" target=\"_blank\" rel=\"noreferrer noopener\"><strong>Isabella Barros<\/strong><\/a><strong><br><\/strong>Programa de P\u00f3s-Gradua\u00e7\u00e3o em Antropologia Social &#8211; USP<br><strong>Disserta\u00e7\u00e3o: <\/strong>Quem olha pela janela? Heterogeneidade e na\u00e7\u00e3o no cotidiano afro-turco<br><strong>Per\u00edodo: <\/strong>2020-2024<br><strong>Orientador: <\/strong>Jo\u00e3o Felipe Gon\u00e7alves<\/p>\n\n\n\n<p><a href=\"http:\/\/lattes.cnpq.br\/9744747990340227\" target=\"_blank\" rel=\"noreferrer noopener\"><strong>Robson Lins Damasio<\/strong><\/a><br>Programa de P\u00f3s-Gradua\u00e7\u00e3o em Antropologia Social &#8211; USP<br><strong>Disserta\u00e7\u00e3o:<\/strong> A \u201cRevolu\u00e7\u00e3o\u201d na Revolu\u00e7\u00e3o: Os v\u00e1rios usos de um termo na Revolu\u00e7\u00e3o Cultural Chinesa<br><strong>Per\u00edodo:<\/strong> 2020-2023<br><strong>Orientador: <\/strong>Jo\u00e3o Felipe Gon\u00e7alves<br><strong>Bolsa FAPESP<\/strong><\/p>\n\n\n\n<h2 class=\"wp-block-heading has-large-font-size\"><strong>P\u00f3s-doutorados<\/strong> <\/h2>\n\n\n\n<p><strong><a href=\"http:\/\/lattes.cnpq.br\/2387641471119954\" target=\"_blank\" rel=\"noreferrer noopener\">Victor Castillo de Macedo<\/a><\/strong><br><strong>Projeto: <\/strong>Espa\u00e7o e revolu\u00e7\u00e3o na cidade de Santo Domingo: Cronotopos da Guerra de 1965<br><strong>Per\u00edodo: <\/strong>2021-2024<br><strong>Supervisor: <\/strong>Jo\u00e3o Felipe Gon\u00e7alves<br><strong>Bolsa FAPESP<\/strong><\/p>\n\n\n\n<p><a rel=\"noreferrer noopener\" href=\"http:\/\/lattes.cnpq.br\/0916103238484672\" target=\"_blank\"><strong>In\u00e1cio de Carvalho Dias de Andrade<\/strong><\/a><br><strong>Projeto: <\/strong>Uma modernidade alternativa? Arquitetura, urbanidade e colonialismo em Louren\u00e7o Marques no per\u00edodo tardo-colonial <br><strong>Per\u00edodo: <\/strong>2017-2022<br><strong>Supervisor: <\/strong>Jo\u00e3o Felipe Gon\u00e7alves<br><strong>Bolsa FAPESP<\/strong><\/p>\n\n\n\n<h2 class=\"wp-block-heading has-large-font-size\"><strong>Inicia\u00e7\u00f5es cient\u00edficas<\/strong> <\/h2>\n\n\n\n<p><strong><a href=\"http:\/\/lattes.cnpq.br\/3048378564401801\" data-type=\"URL\" data-id=\"http:\/\/lattes.cnpq.br\/3048378564401801\" target=\"_blank\" rel=\"noreferrer noopener\">Caio Miranda de Souza<\/a><\/strong><br>Ci\u00eancias Sociais &#8211; USP<br><strong>Projeto:<\/strong> Minjung Misul: Nacionalismo nas obras de arte pol\u00edtica sul-coreana nos anos 1980 <br><strong>Per\u00edodo: <\/strong>2023-2024<br><strong>Orientador:<\/strong> Jo\u00e3o Felipe Gon\u00e7alves<br><strong>Bolsa PIBIC\/FFLCH\/USP<\/strong><br><br><strong>Bolsa PIBIC\/FFLCH\/USP<\/strong><\/p>\n\n\n\n<p><strong><a href=\"http:\/\/lattes.cnpq.br\/3047000724469789\" data-type=\"URL\" data-id=\"http:\/\/lattes.cnpq.br\/3047000724469789\" target=\"_blank\" rel=\"noreferrer noopener\">Nathalia Nunes Carneiro<\/a><\/strong><br>Bacharela em Ci\u00eancias Sociais &#8211; USP<br><strong>Projeto :<\/strong> Uma an\u00e1lise de representa\u00e7\u00f5es de na\u00e7\u00e3o e g\u00eanero em dois <em>doramas<\/em> sul-coreanos<br><strong>Per\u00edodo: <\/strong>2022-2024<br><strong>Orientador:<\/strong> Jo\u00e3o Felipe Gon\u00e7alves<br><strong>Bolsa CNPq<\/strong><\/p>\n\n\n\n<p><strong><a href=\"http:\/\/lattes.cnpq.br\/5020414022236566\" data-type=\"URL\" data-id=\"http:\/\/lattes.cnpq.br\/5020414022236566\" target=\"_blank\" rel=\"noreferrer noopener\">Matheus Farah Tijiwa<\/a><\/strong><br>Bacharel em Ci\u00eancias Sociais &#8211; USP<br><strong>Projeto:<\/strong> Futebol feminino, g\u00eanero e nacionalismo na Argentina: Uma an\u00e1lise de torcidas do Boca Juniors<br><strong>Per\u00edodo: <\/strong>2021-2022 <br><strong>Orientador:<\/strong> Jo\u00e3o Felipe Gon\u00e7alves<br><strong>Bolsa PIBIC\/FFLCH\/USP<\/strong><\/p>\n\n\n\n<p><strong><a rel=\"noreferrer noopener\" href=\"http:\/\/lattes.cnpq.br\/4790430390991611\" target=\"_blank\">Luis Guilherme N\u00f3brega Amorim<\/a><\/strong><br>Bacharel em Ci\u00eancias Sociais &#8211; USP<br><strong>Projeto:<\/strong> O caminho luminoso: A quest\u00e3o agr\u00e1ria em Mao e Mari\u00e1tegui<br><strong>Per\u00edodo: <\/strong>2019-2021<br><strong>Orientador:<\/strong> Jo\u00e3o Felipe Gon\u00e7alves<\/p>\n\n\n\n<p><a aria-label=\"Zo\u00eb Naiman Rozenbaum (abre numa nova aba)\" href=\"http:\/\/lattes.cnpq.br\/1628392407729415\" target=\"_blank\" rel=\"noreferrer noopener\"><strong>Zo\u00eb Naiman Rozenbaum<\/strong><\/a><strong> <\/strong><br>Bacharela em Ci\u00eancias Sociais &#8211; USP<br><strong>Projeto:<\/strong> Hist\u00f3ria, poder e narrativa: Representa\u00e7\u00f5es liter\u00e1rias da Revolu\u00e7\u00e3o Haitiana no Caribe <br><strong>Per\u00edodo: <\/strong>2019-2020<br><strong>Orientador: <\/strong>Jo\u00e3o Felipe Gon\u00e7alves<br><strong>Bolsa PIBIC\/FFLCH\/USP<\/strong><\/p>\n\n\n\n<p><\/p>\n","protected":false},"excerpt":{"rendered":"<p>(em ordem cronol\u00f3gica decrescente dentro de cada categoria) Doutorados Lourival Aguiar Cust\u00f3dioPrograma de P\u00f3s-Gradua\u00e7\u00e3o em Antropologia Social &#8211; USP Tese: Habaneros negros: Rela\u00e7\u00f5es raciais, estigmatiza\u00e7\u00e3o e afro-cuban\u00eda em um bairro de HavanaPer\u00edodo: 2018-2024Orientador: Jo\u00e3o Felipe Gon\u00e7alves Bolsas CAPES e LASAMen\u00e7\u00e3o honrosa no Pr\u00eamio USP Destaque 2025 na grande \u00e1rea de Inclus\u00e3o Social e Cultural e &hellip; <\/p>\n<p class=\"link-more\"><a href=\"https:\/\/www.antropocanibal.com.br\/?page_id=638\" class=\"more-link\">Continue lendo<span class=\"screen-reader-text\"> &#8220;Pesquisas conclu\u00eddas&#8221;<\/span><\/a><\/p>\n","protected":false},"author":2,"featured_media":288,"parent":0,"menu_order":0,"comment_status":"closed","ping_status":"closed","template":"","meta":{"_monsterinsights_skip_tracking":false,"_monsterinsights_sitenote_active":false,"_monsterinsights_sitenote_note":"","_monsterinsights_sitenote_category":0,"footnotes":""},"class_list":["post-638","page","type-page","status-publish","has-post-thumbnail","hentry","entry"],"_links":{"self":[{"href":"https:\/\/www.antropocanibal.com.br\/index.php?rest_route=\/wp\/v2\/pages\/638","targetHints":{"allow":["GET"]}}],"collection":[{"href":"https:\/\/www.antropocanibal.com.br\/index.php?rest_route=\/wp\/v2\/pages"}],"about":[{"href":"https:\/\/www.antropocanibal.com.br\/index.php?rest_route=\/wp\/v2\/types\/page"}],"author":[{"embeddable":true,"href":"https:\/\/www.antropocanibal.com.br\/index.php?rest_route=\/wp\/v2\/users\/2"}],"replies":[{"embeddable":true,"href":"https:\/\/www.antropocanibal.com.br\/index.php?rest_route=%2Fwp%2Fv2%2Fcomments&post=638"}],"version-history":[{"count":10,"href":"https:\/\/www.antropocanibal.com.br\/index.php?rest_route=\/wp\/v2\/pages\/638\/revisions"}],"predecessor-version":[{"id":801,"href":"https:\/\/www.antropocanibal.com.br\/index.php?rest_route=\/wp\/v2\/pages\/638\/revisions\/801"}],"wp:featuredmedia":[{"embeddable":true,"href":"https:\/\/www.antropocanibal.com.br\/index.php?rest_route=\/wp\/v2\/media\/288"}],"wp:attachment":[{"href":"https:\/\/www.antropocanibal.com.br\/index.php?rest_route=%2Fwp%2Fv2%2Fmedia&parent=638"}],"curies":[{"name":"wp","href":"https:\/\/api.w.org\/{rel}","templated":true}]}}